{"id":918,"date":"2023-09-19T23:41:20","date_gmt":"2023-09-19T23:41:20","guid":{"rendered":"https:\/\/examenesceneval.online\/?post_type=product&#038;p=918"},"modified":"2025-04-07T16:56:04","modified_gmt":"2025-04-07T16:56:04","slug":"examen-simulador-de-veterinaria-211-preguntas","status":"publish","type":"product","link":"https:\/\/examenesceneval.online\/?product=examen-simulador-de-veterinaria-211-preguntas","title":{"rendered":"EXAMEN SIMULADOR EGEL CENEVAL DE VETERINARIA EN L\u00cdNEA (211 PREGUNTAS)"},"content":{"rendered":"<p><strong>\u00a1Queridos futuros veterinarios, este es su momento de brillar!<\/strong><\/p>\n<p>Est\u00e1s a punto de alcanzar una meta fundamental en tu camino profesional, y queremos acompa\u00f1arte en este \u00faltimo tramo. Nuestro Simulador de Examen EGEL de Veterinaria ha sido dise\u00f1ado para darte la preparaci\u00f3n y confianza necesarias para enfrentar el examen y dar tu m\u00e1ximo potencial.<\/p>\n<p><strong>\u00bfQu\u00e9 te ofrece el simulador?<\/strong><\/p>\n<ul>\n<li><strong>M\u00e1s de 200 preguntas clave<\/strong> que cubren las \u00e1reas esenciales del examen, para que puedas prepararte de manera integral y pr\u00e1ctica.<\/li>\n<li><strong>Retroalimentaci\u00f3n inmediata y explicaciones claras,<\/strong> ayud\u00e1ndote a identificar tus fortalezas y \u00e1reas de mejora en cada respuesta.<\/li>\n<li><strong>Simulaci\u00f3n en l\u00ednea que replica el examen oficial,<\/strong> permiti\u00e9ndote practicar en condiciones similares al d\u00eda de la prueba.<\/li>\n<li><strong>Acceso inmediato y soporte dedicado,<\/strong> para que puedas comenzar de inmediato tras tu compra y contar con ayuda si la necesitas.<\/li>\n<\/ul>\n<p><strong>Este es el \u00faltimo paso hacia tu meta en el campo veterinario, y estamos seguros de que con la preparaci\u00f3n adecuada, el \u00e9xito est\u00e1 a tu alcance.<\/strong> \u00a1Conf\u00eda en tu esfuerzo y prep\u00e1rate para hacer la diferencia en el mundo de la salud animal!<\/p>\n<p><a href=\"http:\/\/www.examenesceneval.com\" target=\"_new\" rel=\"noopener\">www.examenesceneval.com<\/a><\/p>\n","protected":false},"excerpt":{"rendered":"<p>\u00a1Queridos futuros veterinarios, este es su momento de brillar! Est\u00e1s a punto de alcanzar una meta fundamental en tu camino profesional, y queremos acompa\u00f1arte en este \u00faltimo tramo. Nuestro Simulador de Examen EGEL de Veterinaria ha sido dise\u00f1ado para darte la preparaci\u00f3n y confianza necesarias para enfrentar el examen y dar tu m\u00e1ximo potencial. \u00bfQu\u00e9 [&hellip;]<\/p>\n","protected":false},"featured_media":919,"template":"","meta":{"om_disable_all_campaigns":false,"_monsterinsights_skip_tracking":false,"_monsterinsights_sitenote_active":false,"_monsterinsights_sitenote_note":"","_monsterinsights_sitenote_category":0},"product_cat":[17],"product_tag":[29,22,31,32,44],"aioseo_notices":[],"_links":{"self":[{"href":"https:\/\/examenesceneval.online\/index.php?rest_route=\/wp\/v2\/product\/918"}],"collection":[{"href":"https:\/\/examenesceneval.online\/index.php?rest_route=\/wp\/v2\/product"}],"about":[{"href":"https:\/\/examenesceneval.online\/index.php?rest_route=\/wp\/v2\/types\/product"}],"version-history":[{"count":3,"href":"https:\/\/examenesceneval.online\/index.php?rest_route=\/wp\/v2\/product\/918\/revisions"}],"predecessor-version":[{"id":1189,"href":"https:\/\/examenesceneval.online\/index.php?rest_route=\/wp\/v2\/product\/918\/revisions\/1189"}],"wp:featuredmedia":[{"embeddable":true,"href":"https:\/\/examenesceneval.online\/index.php?rest_route=\/wp\/v2\/media\/919"}],"wp:attachment":[{"href":"https:\/\/examenesceneval.online\/index.php?rest_route=%2Fwp%2Fv2%2Fmedia&parent=918"}],"wp:term":[{"taxonomy":"product_cat","embeddable":true,"href":"https:\/\/examenesceneval.online\/index.php?rest_route=%2Fwp%2Fv2%2Fproduct_cat&post=918"},{"taxonomy":"product_tag","embeddable":true,"href":"https:\/\/examenesceneval.online\/index.php?rest_route=%2Fwp%2Fv2%2Fproduct_tag&post=918"}],"curies":[{"name":"wp","href":"https:\/\/api.w.org\/{rel}","templated":true}]}}