{"id":859,"date":"2023-06-13T20:10:15","date_gmt":"2023-06-13T20:10:15","guid":{"rendered":"https:\/\/examenesceneval.online\/?post_type=product&#038;p=859"},"modified":"2024-11-01T15:56:48","modified_gmt":"2024-11-01T15:56:48","slug":"examen-simulador-de-nutricion-200-preguntas","status":"publish","type":"product","link":"https:\/\/examenesceneval.online\/?product=examen-simulador-de-nutricion-200-preguntas","title":{"rendered":"EXAMEN SIMULADOR EGEL CENEVAL DE NUTRICI\u00d3N EN L\u00cdNEA (200 PREGUNTAS)"},"content":{"rendered":"<p><strong>\u00a1Futuros profesionales de la Nutrici\u00f3n, est\u00e1n en la recta final!<\/strong><\/p>\n<p>Est\u00e1s a punto de lograr un objetivo importante en tu carrera, y queremos acompa\u00f1arte en esta \u00faltima etapa. Nuestro Simulador de Examen EGEL de Nutrici\u00f3n ha sido dise\u00f1ado para proporcionarte una preparaci\u00f3n completa y darte la confianza que necesitas para enfrentar el examen con seguridad.<\/p>\n<p><strong>\u00bfQu\u00e9 encontrar\u00e1s en nuestro simulador?<\/strong><\/p>\n<ul>\n<li><strong>Con 200 preguntas clave<\/strong> que abarcan las \u00e1reas esenciales del examen, permiti\u00e9ndote estudiar de forma integral y pr\u00e1ctica.<\/li>\n<li><strong>Retroalimentaci\u00f3n detallada y explicaciones claras,<\/strong> para que puedas identificar tus fortalezas y trabajar en las \u00e1reas que necesitan refuerzo.<\/li>\n<li><strong>Simulaci\u00f3n en l\u00ednea que replica el examen real,<\/strong> brind\u00e1ndote una experiencia pr\u00e1ctica que te permitir\u00e1 estar preparado para el d\u00eda de la prueba.<\/li>\n<li><strong>Acceso inmediato y soporte constante,<\/strong> para que puedas comenzar a estudiar en cuanto realices tu compra y cuentes con ayuda en cualquier momento.<\/li>\n<\/ul>\n<p><strong>Este es el \u00faltimo paso hacia tu futuro en nutrici\u00f3n, y estamos seguros de que, con la preparaci\u00f3n adecuada, el \u00e9xito est\u00e1 a tu alcance.<\/strong> \u00a1Conf\u00eda en todo el esfuerzo que has puesto hasta ahora!<\/p>\n<p><a href=\"http:\/\/www.examenesceneval.com\" target=\"_new\" rel=\"noopener\">www.examenesceneval.com<\/a><\/p>\n","protected":false},"excerpt":{"rendered":"<p>\u00a1Futuros profesionales de la Nutrici\u00f3n, est\u00e1n en la recta final! Est\u00e1s a punto de lograr un objetivo importante en tu carrera, y queremos acompa\u00f1arte en esta \u00faltima etapa. Nuestro Simulador de Examen EGEL de Nutrici\u00f3n ha sido dise\u00f1ado para proporcionarte una preparaci\u00f3n completa y darte la confianza que necesitas para enfrentar el examen con seguridad. [&hellip;]<\/p>\n","protected":false},"featured_media":861,"template":"","meta":{"om_disable_all_campaigns":false,"_monsterinsights_skip_tracking":false,"_monsterinsights_sitenote_active":false,"_monsterinsights_sitenote_note":"","_monsterinsights_sitenote_category":0},"product_cat":[15],"product_tag":[29,22,31,39],"aioseo_notices":[],"_links":{"self":[{"href":"https:\/\/examenesceneval.online\/index.php?rest_route=\/wp\/v2\/product\/859"}],"collection":[{"href":"https:\/\/examenesceneval.online\/index.php?rest_route=\/wp\/v2\/product"}],"about":[{"href":"https:\/\/examenesceneval.online\/index.php?rest_route=\/wp\/v2\/types\/product"}],"version-history":[{"count":3,"href":"https:\/\/examenesceneval.online\/index.php?rest_route=\/wp\/v2\/product\/859\/revisions"}],"predecessor-version":[{"id":1196,"href":"https:\/\/examenesceneval.online\/index.php?rest_route=\/wp\/v2\/product\/859\/revisions\/1196"}],"wp:featuredmedia":[{"embeddable":true,"href":"https:\/\/examenesceneval.online\/index.php?rest_route=\/wp\/v2\/media\/861"}],"wp:attachment":[{"href":"https:\/\/examenesceneval.online\/index.php?rest_route=%2Fwp%2Fv2%2Fmedia&parent=859"}],"wp:term":[{"taxonomy":"product_cat","embeddable":true,"href":"https:\/\/examenesceneval.online\/index.php?rest_route=%2Fwp%2Fv2%2Fproduct_cat&post=859"},{"taxonomy":"product_tag","embeddable":true,"href":"https:\/\/examenesceneval.online\/index.php?rest_route=%2Fwp%2Fv2%2Fproduct_tag&post=859"}],"curies":[{"name":"wp","href":"https:\/\/api.w.org\/{rel}","templated":true}]}}