{"id":1038,"date":"2023-12-31T19:05:01","date_gmt":"2023-12-31T19:05:01","guid":{"rendered":"https:\/\/examenesceneval.online\/?post_type=product&#038;p=1038"},"modified":"2025-04-07T16:39:23","modified_gmt":"2025-04-07T16:39:23","slug":"segundo-examen-simulador-de-ingreso-universidad-mexico-119-preguntas","status":"publish","type":"product","link":"https:\/\/examenesceneval.online\/?product=segundo-examen-simulador-de-ingreso-universidad-mexico-119-preguntas","title":{"rendered":"SEGUNDO EXAMEN SIMULADOR DE INGRESO UNIVERSIDAD M\u00c9XICO (219 PREGUNTAS)"},"content":{"rendered":"<p>\u00a1Bienvenidos futuros Universitarios!<\/p>\n<p>Somos conscientes que si estas aqu\u00ed, es porque estas a punto de dar un paso importante en tu vida y esperamos nos permitas acompa\u00f1arte en la recta final de tu traves\u00eda acad\u00e9mica, pues &#8220;Tienes que aprender las reglas del juego y despu\u00e9s jugar mejor que nadie.&#8221; (Albert Einstein), es por ello que ponemos a tu disposici\u00f3n nuestro simulador de examen EGEL de Qu\u00edmica Farmacobiol\u00f3go actualizado para este a\u00f1o.<\/p>\n<p>Nuestro simulador se integra con m\u00e1s de 200 preguntas pr\u00e1cticas, que te dar\u00e1 las herramientas necesarias para conocer tus \u00e1reas de oportunidad pero sobre todo tus fortalezas, pues no olvides que muchos de los fracasos de la vida son de personas que no se dieron cuenta de cu\u00e1n cerca estaban del \u00e9xito cuando se dieron por vencidos.<\/p>\n<p>El examen simulador se encuentra actualizado y se resuelve 100% en l\u00ednea una vez que realizas tu pago y, en caso de presentar alg\u00fan problema, estamos aqu\u00ed para apoyarte.<\/p>\n<p>Por cierto \u00a1INCLUYE RESPUESTAS!<\/p>\n<p>\u00a1Te deseamos el mejor de los \u00e9xitos!<\/p>\n","protected":false},"excerpt":{"rendered":"<p>\u00a1Bienvenidos futuros Universitarios! Somos conscientes que si estas aqu\u00ed, es porque estas a punto de dar un paso importante en tu vida y esperamos nos permitas acompa\u00f1arte en la recta final de tu traves\u00eda acad\u00e9mica, pues &#8220;Tienes que aprender las reglas del juego y despu\u00e9s jugar mejor que nadie.&#8221; (Albert Einstein), es por ello que [&hellip;]<\/p>\n","protected":false},"featured_media":1027,"template":"","meta":{"om_disable_all_campaigns":false,"_monsterinsights_skip_tracking":false,"_monsterinsights_sitenote_active":false,"_monsterinsights_sitenote_note":"","_monsterinsights_sitenote_category":0},"product_cat":[17],"product_tag":[48,47,32,46],"aioseo_notices":[],"_links":{"self":[{"href":"https:\/\/examenesceneval.online\/index.php?rest_route=\/wp\/v2\/product\/1038"}],"collection":[{"href":"https:\/\/examenesceneval.online\/index.php?rest_route=\/wp\/v2\/product"}],"about":[{"href":"https:\/\/examenesceneval.online\/index.php?rest_route=\/wp\/v2\/types\/product"}],"version-history":[{"count":2,"href":"https:\/\/examenesceneval.online\/index.php?rest_route=\/wp\/v2\/product\/1038\/revisions"}],"predecessor-version":[{"id":1042,"href":"https:\/\/examenesceneval.online\/index.php?rest_route=\/wp\/v2\/product\/1038\/revisions\/1042"}],"wp:featuredmedia":[{"embeddable":true,"href":"https:\/\/examenesceneval.online\/index.php?rest_route=\/wp\/v2\/media\/1027"}],"wp:attachment":[{"href":"https:\/\/examenesceneval.online\/index.php?rest_route=%2Fwp%2Fv2%2Fmedia&parent=1038"}],"wp:term":[{"taxonomy":"product_cat","embeddable":true,"href":"https:\/\/examenesceneval.online\/index.php?rest_route=%2Fwp%2Fv2%2Fproduct_cat&post=1038"},{"taxonomy":"product_tag","embeddable":true,"href":"https:\/\/examenesceneval.online\/index.php?rest_route=%2Fwp%2Fv2%2Fproduct_tag&post=1038"}],"curies":[{"name":"wp","href":"https:\/\/api.w.org\/{rel}","templated":true}]}}